{"id":63,"date":"2017-10-06T11:50:00","date_gmt":"2017-10-06T11:50:00","guid":{"rendered":"http:\/\/www.siledrafitapicierasm.com\/?page_id=63"},"modified":"2026-03-05T11:32:33","modified_gmt":"2026-03-05T11:32:33","slug":"kadromuz","status":"publish","type":"page","link":"https:\/\/drafitapicierasm.com.tr\/index.php\/kadromuz\/","title":{"rendered":"Kadromuz"},"content":{"rendered":"<p><strong>1 Nolu Birim\u00a0<\/strong><\/p>\n<p>Dr. Dilek \u00d6ZG\u00dcR KORKMAZ<\/p>\n<p>Hem\u015fire Buket U\u00c7AR<\/p>\n<p><strong>2 Nolu Birim<\/strong><\/p>\n<p>Dr. Asl\u0131 D\u0130KMEN<\/p>\n<p>Ebe Dilek UZUN\u00c7AR<\/p>\n<p><strong>3 Nolu Birim<\/strong><\/p>\n<p>Uzm.Dr. \u015eevket ALBAYLAR<\/p>\n<p>Hem\u015fire Gizem YILDIRIM<\/p>\n<p><strong>4 Nolu Birim<\/strong><\/p>\n<p>Uzm.Dr. Hayr\u00fclberiye TELL\u0130 AKY\u00dcZ<\/p>\n<p>Hem\u015fire Cemre KACAR<\/p>\n<p><strong>5 Nolu Birim<\/strong><\/p>\n<p>Dr. Y\u00fccel BARAN<\/p>\n<p>Uzman Hem\u015fire Nazmiye GEN\u00c7<\/p>\n<p><strong>6 Nolu Birim<\/strong><\/p>\n<p>Dr. Baycan ARAS<\/p>\n<p>Hem\u015fire Ye\u015fim SAK\u0130N<\/p>\n<p><strong>14 Nolu Birim<\/strong><\/p>\n<p>Uzm.Dr. Saliha ERYILMAZ<\/p>\n<p><strong>Yard\u0131mc\u0131 personel:<\/strong><\/p>\n<p>Sa\u011f. Mem. Cemal G\u00fcrsel \u0130BEK<\/p>\n<p>Hem\u015fire Nazl\u0131 Mesuto\u011flu<\/p>\n<p>Personel S\u00fclbiye BAKIR<\/p>\n<p>&nbsp;<\/p>\n<p>&nbsp;<\/p>\n","protected":false},"excerpt":{"rendered":"<p>1 Nolu Birim\u00a0 Dr. Dilek \u00d6ZG\u00dcR KORKMAZ Hem\u015fire Buket U\u00c7AR 2 Nolu Birim Dr. Asl\u0131 D\u0130KMEN Ebe Dilek UZUN\u00c7AR 3 Nolu Birim Uzm.Dr. \u015eevket ALBAYLAR Hem\u015fire Gizem YILDIRIM 4 Nolu Birim Uzm.Dr. Hayr\u00fclberiye TELL\u0130 AKY\u00dcZ Hem\u015fire Cemre KACAR 5 Nolu &hellip;<\/p>\n","protected":false},"author":1,"featured_media":0,"parent":0,"menu_order":0,"comment_status":"closed","ping_status":"closed","template":"template-full.php","meta":{"footnotes":""},"class_list":["post-63","page","type-page","status-publish","hentry"],"_links":{"self":[{"href":"https:\/\/drafitapicierasm.com.tr\/index.php\/wp-json\/wp\/v2\/pages\/63","targetHints":{"allow":["GET"]}}],"collection":[{"href":"https:\/\/drafitapicierasm.com.tr\/index.php\/wp-json\/wp\/v2\/pages"}],"about":[{"href":"https:\/\/drafitapicierasm.com.tr\/index.php\/wp-json\/wp\/v2\/types\/page"}],"author":[{"embeddable":true,"href":"https:\/\/drafitapicierasm.com.tr\/index.php\/wp-json\/wp\/v2\/users\/1"}],"replies":[{"embeddable":true,"href":"https:\/\/drafitapicierasm.com.tr\/index.php\/wp-json\/wp\/v2\/comments?post=63"}],"version-history":[{"count":16,"href":"https:\/\/drafitapicierasm.com.tr\/index.php\/wp-json\/wp\/v2\/pages\/63\/revisions"}],"predecessor-version":[{"id":223,"href":"https:\/\/drafitapicierasm.com.tr\/index.php\/wp-json\/wp\/v2\/pages\/63\/revisions\/223"}],"wp:attachment":[{"href":"https:\/\/drafitapicierasm.com.tr\/index.php\/wp-json\/wp\/v2\/media?parent=63"}],"curies":[{"name":"wp","href":"https:\/\/api.w.org\/{rel}","templated":true}]}}