{"id":19,"date":"2016-09-06T12:32:06","date_gmt":"2016-09-06T12:32:06","guid":{"rendered":"http:\/\/www.siledrafitapicierasm.com\/?page_id=19"},"modified":"2017-10-19T17:14:54","modified_gmt":"2017-10-19T17:14:54","slug":"iletisim","status":"publish","type":"page","link":"https:\/\/drafitapicierasm.com.tr\/index.php\/iletisim\/","title":{"rendered":"\u0130leti\u015fim"},"content":{"rendered":"<p><iframe loading=\"lazy\" style=\"border: 0;\" src=\"https:\/\/www.google.com\/maps\/embed?pb=!1m18!1m12!1m3!1d3003.227786469263!2d29.604714415419135!3d41.173198679284376!2m3!1f0!2f0!3f0!3m2!1i1024!2i768!4f13.1!3m3!1m2!1s0x0%3A0x0!2zNDHCsDEwJzIzLjUiTiAyOcKwMzYnMjQuOSJF!5e0!3m2!1str!2s!4v1508433284128\" width=\"600\" height=\"450\" frameborder=\"0\" allowfullscreen=\"allowfullscreen\"><\/iframe><\/p>\n<p>Adres:\u00a0\u00dcsk\u00fcdar Cad. No: 190\u00a0\u015eile \/ \u0130STANBUL<br \/>\nTel: 0216 712 1261<\/p>\n<p>0216 704 1936\/37<br \/>\nFax: 0216 711 5160<\/p>\n<p>\u0130l\u00e7e Sa\u011fl\u0131k M\u00fcd\u00fcrl\u00fc\u011f\u00fc e-Mail: ist.silesm@saglik.gov.tr<\/p>\n","protected":false},"excerpt":{"rendered":"<p>Adres:\u00a0\u00dcsk\u00fcdar Cad. No: 190\u00a0\u015eile \/ \u0130STANBUL Tel: 0216 712 1261 0216 704 1936\/37 Fax: 0216 711 5160 \u0130l\u00e7e Sa\u011fl\u0131k M\u00fcd\u00fcrl\u00fc\u011f\u00fc e-Mail: ist.silesm@saglik.gov.tr<\/p>\n","protected":false},"author":1,"featured_media":0,"parent":0,"menu_order":0,"comment_status":"closed","ping_status":"closed","template":"template-full.php","meta":{"footnotes":""},"class_list":["post-19","page","type-page","status-publish","hentry"],"_links":{"self":[{"href":"https:\/\/drafitapicierasm.com.tr\/index.php\/wp-json\/wp\/v2\/pages\/19","targetHints":{"allow":["GET"]}}],"collection":[{"href":"https:\/\/drafitapicierasm.com.tr\/index.php\/wp-json\/wp\/v2\/pages"}],"about":[{"href":"https:\/\/drafitapicierasm.com.tr\/index.php\/wp-json\/wp\/v2\/types\/page"}],"author":[{"embeddable":true,"href":"https:\/\/drafitapicierasm.com.tr\/index.php\/wp-json\/wp\/v2\/users\/1"}],"replies":[{"embeddable":true,"href":"https:\/\/drafitapicierasm.com.tr\/index.php\/wp-json\/wp\/v2\/comments?post=19"}],"version-history":[{"count":6,"href":"https:\/\/drafitapicierasm.com.tr\/index.php\/wp-json\/wp\/v2\/pages\/19\/revisions"}],"predecessor-version":[{"id":72,"href":"https:\/\/drafitapicierasm.com.tr\/index.php\/wp-json\/wp\/v2\/pages\/19\/revisions\/72"}],"wp:attachment":[{"href":"https:\/\/drafitapicierasm.com.tr\/index.php\/wp-json\/wp\/v2\/media?parent=19"}],"curies":[{"name":"wp","href":"https:\/\/api.w.org\/{rel}","templated":true}]}}